 Is b composite?
True
Let k(z) = -205*z - 37. Let p(l) = 102*l + 19. Let d(h) = -2*k(h) - 5*p(h). Let f(g) = -g**3 + 15*g**2 + 42*g + 207. Let a be f(18). Is d(a) a prime number?
False
Let z(x) = 9*x + 101. Let k(d) = -17*d - 203. Let p(y) = 2*k(y) + 5*z(y). Is p(34) prime?
False
Let p(m) = 2296*m**3 + 3*m**2 - 3*m. Let q be p(2). Suppose 4*r - q = -2*z, -2*z + 4*r + 45907 = 3*z. Is z a composite number?
True
Suppose -z - 3 - 5 = 4*i, 3*z = 3*i - 54. Let d be z/10*(-5)/2. Suppose -2*u + 2428 = g, 3*u - d*g - 3635 = -2*g. Is u a prime number?
True
Let r(a) = -a**2 - a + 13. Let h be r(-4). Is (63/(-7))/(-18)*514/h a prime number?
True
Suppose 2*i + 0*i = y - 5702, 0 = -3*y - 6. Suppose 0 = -4*q + 18924 + 2056. Let z = q + i. Is z composite?
False
Let y = 64 - 60. Let v = y - -1. Suppose -v*c + 18 = 3*z - 9, -2*c = 6. Is z a prime number?
False
Let n(u) = -2*u**2 + 65*u - 2. Let d be n(12). Suppose 1262 = 492*y - d*y. Is y prime?
True
Let z(w) = 403*w**2 - 17*w - 3. Let h = 457 + -453. Is z(h) a prime number?
False
Let l = 35391 + 156242. Is l a prime number?
False
Let i be 4/8*(0 + -2)*461. Suppose -2*h + 721 = -835. Let x = h + i. Is x a prime number?
True
Suppose 2*i = a - 11, 9*i = -4*a + 6*i. Let d(w) = 2*w - 75 + 224 + w**2 - a*w. Is d(0) a prime number?
True
Suppose -12 - 8 = 4*i. Let j be (-63)/5 - (-2)/i. Let f(c) = 4*c**2 - 12*c - 23. Is f(j) composite?
False
Let j be 10/(-5) - (-1445 + -1). Suppose -4*d + 5*r - 373 = -3*d, 4*d = 4*r - j. Let o = 61 - d. Is o a composite number?
False
Let p(a) = 105*a**3 - 2*a**2 + 133*a**3 + a + 1 - 302*a**3. Is p(-2) composite?
False
Let r be 2 + (-1)/(4/(-16)). Let j(q) be the second derivative of 27*q**3/2 - 55*q**2/2 - 11*q. Is j(r) prime?
True
Let u = 39107 - -525546. Is u a prime number?
True
Let p = 7244 + -4998. Suppose k = -k + p. Is k composite?
False
Let q(y) = -1553*y + 2386. Is q(-89) prime?
True
Is (1*1/14*-20442)/(2/(-14)) a prime number?
False
Let y(a) = 1693*a**3 - 258*a**2 + 1757*a + 17. Is y(7) a prime number?
True
Suppose -c + 21658 = -34429. Is c composite?
False
Suppose -y = -5*t - 19, 3*y + 5*t + 0*t - 97 = 0. Let n = y - 37. Let u = n - -27. Is u prime?
True
Let f(v) = -2760*v - 89. Is f(-53) prime?
True
Let k(o) = 8131*o - 403. Is k(2) a composite number?
False
Let b(t) = 2*t**3 - 2*t**2 - 3*t - 24. Let n be b(7). Suppose -d - 4*g + 140 = 0, g + 967 = 5*d + 288. Let o = n - d. Is o composite?
True
Let l(z) = -13*z - 62. Let c be l(-8). Suppose c*h = 40*h + 3418. Is h a composite number?
False
Let k(f) = -56326*f + 156. Let i be k(3). Is i/(-14) - 2/(-7) a prime number?
False
Let z = 1750 - -1177. Is z a prime number?
True
Suppose -2925 = -3*r + 6666. Let t = -2213 + r. Is -2 - (-1 - (t + 2)) a composite number?
True
Suppose 1338*v - 1362*v = -14126952. Is v a prime number?
False
Suppose -12 = -2*d, 2*c + 34*d = 38*d + 6506. Is c a prime number?
False
Let a(r) = -r**2 + 18*r - 51. Let l be a(4). Suppose -l*w + 3*z + 18944 = 0, -4*w = -2*z - 0*z - 15154. Is w a prime number?
False
Let f be 281/(-9) + (-1)/(45/(-10)). Let h(k) = -93*k - 164. Is h(f) composite?
False
Let u = 2150 - 520. Let y = u - -165. Is y composite?
True
Suppose -16*m - 6 = -19*m, 0 = 4*n - 3*m + 62. Let i(h) be the third derivative of -h**6/120 - h**5/6 - 19*h**4/24 + 11*h**3/6 + 3*h**2. Is i(n) a prime number?
True
Suppose 1098 - 4287 = -3*q. Let w be -2 + 8*8/16. Is (-4)/(-20)*(q - w)*5 composite?
False
Let q(o) = -51*o + 26. Let a(u) = 10*u - 5. Let n(j) = 11*a(j) + 2*q(j). Let w be n(1). Is ((-155)/(-2))/(w - (-27)/(-6)) a composite number?
True
Let t be -3 + 2 + 4 + -32 + 28. Is (84570/(-150))/(t/5) a composite number?
False
Suppose -41*n + 43*n - 26242 = 0. Let z = n + 1056. Is z a composite number?
False
Suppose 0 = 4*c + 5*f - 216843, 225*c + 54192 = 226*c + 5*f. Is c composite?
False
Let z = -51685 - -104845. Is (2/(-12))/((-20)/z) a prime number?
True
Let n(b) = -19*b**3 - 38*b**2 - 181*b + 59. Is n(-25) a composite number?
True
Let l(a) = -a**2 - 3*a + 4. Let n be l(-3). Suppose 6 = -2*c - 3*q + 8*q, -3*c = -n*q + 2. Is 21576/20 - c/(-10) composite?
True
Suppose 5*j = -2*f - 893, -j = 2*f + 147 + 30. Let a = 10 - j. Let c = 662 - a. Is c composite?
True
Suppose -4*m - 4*c = -1447564, -45*c + 40*c + 361867 = m. Is m composite?
True
Let p = 4 + 0. Suppose 2*l - 4*n - 7278 = 0, -p*n - 1 + 9 = 0. Is l composite?
False
Let y(a) = -5*a**3 - 6*a**2 - 17*a + 85. Is y(-21) composite?
False
Let x = -39 + 78. Let a = x + -33. Is -1 + a/(-21) + (-40944)/(-28) a composite number?
True
Let r(u) = u**2 + u - 105. Let g be r(-11). Suppose 0 = -3*h + g*b + 2039, -4*b + 784 = 3*h - 1219. Is h a composite number?
False
Suppose 0 = -147*h + 130*h + 299189 + 1763217. Is h a composite number?
True
Let f(v) = 2372*v**2 - 27*v - 333. Is f(-10) prime?
True
Suppose 15*i - 13*i = -3*f + 131833, -2*i = -f - 131829. Is i a prime number?
False
Is -3 - (24/32 - 213723/36) composite?
True
Let n be 30/105 + 33/7. Suppose -3*c - 15245 - 10600 = -4*t, -2*c - 32315 = -n*t. Suppose -5*g + t = 5*a, -3*a = -2*g - 0*g + 2576. Is g prime?
True
Suppose 12 = 5*y - 63. Let n be (y/(-2))/(6/(-16)). Is (n/(-15))/(-4)*1005 composite?
True
Suppose 2*h = -p - 47, 3*p = -h + 4*h + 93. Is -2 + 1500*2 - (h - -31) prime?
False
Suppose -16*l - 3*t = -2533079, -5*l + 0*t + 791605 = -5*t. Is l composite?
True
Let v be 6 - (0 + -1)/((-2)/4). Let d(p) = p**2 + 3*p - 7. Let s be d(2). Is v/(-14) - s/21*-6043 a composite number?
False
Let b(r) = 23*r**2 + 71*r + 399. Is b(-5) composite?
False
Suppose 4*r - 9*r - 135 = 0. Is 3/r + 17758/9 a composite number?
False
Let x(u) = 7*u**2 - u - 3. Let o be x(-4). Let l = o - 109. Suppose -l*g = 4*g - 19160. Is g composite?
True
Suppose 37*o - 32*o = 55. Suppose o*x = 13*x. Suppose x = -4*p + 798 + 5558. Is p composite?
True
Suppose -47*x = -279121 - 3573328. Is x composite?
False
Let a be 3*(-6)/108*-6 - -7. Is ((-192)/(-56))/a + (-69774)/(-21) a prime number?
True
Suppose 0 = -6*x - 8*x + 56. Is x/5 - ((-31411)/5 + -6) prime?
False
Let o(d) = 65*d - 51*d + 133*d + 1 + 108*d. Suppose f - 18 = 4*p, 2*f = -4*p - 11 - 1. Is o(f) a prime number?
False
Suppose -5*y - 5*m = 10, y + 4*y - 18 = 2*m. Let t = -2300 - -4617. Suppose y*r - t = -87. Is r a prime number?
False
Suppose 23*h - 204 = 17*h. Let q = h - 28. Let d(l) = 365*l - 16. Is d(q) a prime number?
False
Suppose -11745 = -29*f + 38338. Is f a composite number?
True
Let c = -26583 + 49139. Suppose 5*a - 16139 = c. Is a a prime number?
False
Let v = -148 - -150. Suppose 0 = 4*y - 12, r + v*y - y = 944. Is r prime?
True
Suppose 5*l + 12106 = 2*a - 3*a, 7282 = -3*l + 4*a. Let c = l + 5787. Is c a composite number?
True
Suppose 4*o - 2321482 = -5*m, -3*m + 409390 = 8*o - 4233588. Is o a composite number?
False
Suppose -86*w + 132356 = -2128670. Is w prime?
False
Suppose 0*t = 8*t + 2304. Let w = 7699 + t. Is w a prime number?
True
Let m(y) = 113*y - 2. Suppose -s + 5 = -43. Let h = s + -45. Is m(h) a composite number?
False
Let k(o) = -137811*o - 1676. Is k(-2) composite?
True
Is 303679/((-10)/(1 + -11)) prime?
True
Let d be -2 + 4/8*8. Let o(k) = 3*k**2 - 7*k + 4. Let b be o(d). Suppose b*j = -2*c + 3*j + 2117, -10 = -2*j. Is c composite?
False
Let l = 751415 + -419544. Is l composite?
False
Let z be 10*1*12/10. Suppose 0 = 4*g - z*g + 40. Suppose 79 = l + 5*m, g*m - 11 - 127 = -2*l. Is l prime?
True
Suppose 5*f = 0, b = 4*f - 1310 - 2525. Let d = -2178 - b. Is d a composite number?
False
Suppose 199198 = 104*p - 102*p. Is p composite?
True
Suppose 0*k = -0*k + 37*k - 4527357. Is k composite?
True
Let h = -58 - -33. Let w(z) = 2*z**3 - 41*z**2 - 21*z + 4. Let b be w(21). Is h/(-8)*b*2 prime?
False
Suppose -333*o - 4*f - 27355 = -334*o, -5*o + 5*f + 136775 = 0. Is o prime?
False
Is (-1)/((-3)/(-15)*(-7)/534086*10) prime?
True
Let j = 6 - 6. Suppose -x - 20 = -j*x. Is (-4)/x + 1904/5 prime?
False
Let f be -2 - 0 - (7 - (3 + 203)). Is f/(1/(-13)*-1) composite?
True
Let t(s) = 2*s**2. Let h be t(-2). Suppose -2*f = -h - 2. Suppose -f*u + 1347 = -2*u. Is u a prime number?
True
Suppose -h + 3*z + 11 = z, -18 = -3*h + z. Suppose h*t + 1 = 21. Suppose -4*r + 11072 = 4*u, -3*r = t*u - 3*u - 8302. Is r composite?
False
Let y = -78 - -81. Suppose -3583 = -y*u + 18341. Sup